the prime factors of 9774/7 - (-2 + (-96)/(-42)).
2, 349
Suppose -53*q + 35305 = -30*q. List the prime factors of q.
5, 307
List the prime factors of 45760/396 + (-8)/(-18).
2, 29
Let p = -38 + 573. What are the prime factors of p?
5, 107
Let c = 4324 - 1631. What are the prime factors of c?
2693
Let o be 1/6 + 152/(-48). Let f = 17 + o. What are the prime factors of f?
2, 7
Let y(g) = 2*g - 3. Let i be (-3)/(-2) + 3/6. Let z be y(i). Suppose -2*j + 5 = -z. What are the prime factors of j?
3
Let t(z) = -z + 1. Let u(v) = v**3 - 5*v**2 + 7*v. Let d be u(5). Suppose 5*k = -j - 20, -2*k - d = 3*k + 4*j. What are the prime factors of t(k)?
2
Let l = 16 - 21. Let x = l + 165. Suppose 2*b - x = -3*b. What are the prime factors of b?
2
What are the prime factors of -5*((-575)/2 + 50/(-20))?
2, 5, 29
What are the prime factors of 36/(-24)*544/6*-3?
2, 3, 17
Let a(l) = -18*l + 9*l + 0*l + 7 + 7*l. Let i be a(5). Let m = 32 + i. What are the prime factors of m?
29
Let b = -78 + 13. Let g = 125 + b. List the prime factors of g.
2, 3, 5
What are the prime factors of (-9146)/(-8) + (-63)/252?
3, 127
Suppose 6*i = i - 15. What are the prime factors of 14 + (-4 - i) + -1?
2, 3
What are the prime factors of 16/(-8) - -1275 - (-12)/(-2)?
7, 181
Suppose 0 = -8*d - 5*d + 1313. List the prime factors of d.
101
Suppose -2*y = -2*a - 484, 0*y - a + 242 = y. Let v = y - 55. What are the prime factors of v?
11, 17
Suppose -6*q - 19 - 5 = 0. Let x(w) = w**3 + 7*w**2 + 2*w - 2. What are the prime factors of x(q)?
2, 19
Suppose 0 = 125*z - 158876 - 132499. What are the prime factors of z?
3, 7, 37
Let z(n) = -39*n**3 + 4*n**2 + 6*n + 12. Let m be z(-2). Suppose -5*l + 2*s + 375 + m = 0, 2*l - 2*s = 286. What are the prime factors of l?
139
Suppose -5*u + 2*o + 60 = -3*o, 0 = 3*o + 6. List the prime factors of ((-585)/u)/(3/(-4)).
2, 3, 13
Suppose -2*s - 3*v - 17 = 0, 4*v + 2 + 42 = -4*s. What are the prime factors of (-12 + s)/((-2)/6)?
2, 3, 7
Let h = 53 - 25. List the prime factors of 16/(-4) - h/(-1).
2, 3
Suppose 2*u = 3*k - 3841 - 259, -5495 = -4*k - 3*u. What are the prime factors of k?
2, 5, 137
Suppose 3*h + 9 = 6*h. Suppose -2*g + 29 = -h*g. Let f = -9 - g. What are the prime factors of f?
2, 5
Let l be 7/(-14)*(-4)/1. Suppose w + 3*x = 16, -w - 4*x + 13 = -l. What are the prime factors of w?
19
Let j(v) = 4*v - 36. Let i be j(15). List the prime factors of i*(39/12 - 0).
2, 3, 13
Suppose -4385 = 54*k - 59*k. Let u = k + -609. List the prime factors of u.
2, 67
Let c = 4917 + -2398. List the prime factors of c.
11, 229
Let q = -2620 + 3883. List the prime factors of q.
3, 421
Suppose 5*r = 4*j - 1400, 2*r + 2*r + 4*j = -1084. Let p = -157 - r. List the prime factors of p.
7, 17
Suppose -4*h = -h + 5*k - 97, 3*k + 110 = 4*h. Suppose -h*n = -28*n - 61. What are the prime factors of n?
61
Suppose -347*h + 354*h = 36960. What are the prime factors of h?
2, 3, 5, 11
Suppose -4 = h - 3*h. Let r = h - 4. List the prime factors of (r + -22)*10/(-6).
2, 5
Suppose 2*v = -12 + 10. List the prime factors of (-6 + v - -1)*87/(-9).
2, 29
Suppose 0 = -4*v + 3*w + 63, -3*w = -4*v - 4*w + 43. Suppose -7*h + v*h = 305. What are the prime factors of h?
61
Let l be ((-15)/20)/(2/(-8)). Suppose 3*q + c - 25 = 0, -2*q + 3*c - 11 = -l*q. List the prime factors of q.
2
Suppose 0 = p + v + 1, -p + 4*v - v + 15 = 0. List the prime factors of (2/6)/(p/198).
2, 11
Suppose -6*d + 43 + 233 = 0. What are the prime factors of d?
2, 23
Suppose -26 = -5*q - y, 5*q = -5*y + 10 - 0. Suppose 3*t + 23 = q*i - i, 0 = -4*t + 5*i - 29. List the prime factors of -38*(0 + 3/t).
19
Let a(y) = 4*y**2 - 16*y + 1 + 0 + 20*y - 4*y**3 + 3*y**3. Let h = 0 + 4. What are the prime factors of a(h)?
17
Suppose 11*k + 1795 = 6*k. Let i = k - -626. What are the prime factors of i?
3, 89
Let z(u) be the third derivative of -5*u**4/12 - 17*u**3/6 + 12*u**2. List the prime factors of z(-6).
43
Let x be (-414)/27*(-30)/4. Suppose 40 = -5*g + x. What are the prime factors of g?
3, 5
Let f(r) = 2*r**2 - 23*r - 76. List the prime factors of f(25).
599
Let s(z) = -5*z. Let u be (-1)/(-4) - (-36)/(-16). Let t be s(u). Let j = t + 8. List the prime factors of j.
2, 3
Let t = 30 + -16. Suppose 0 = 5*i - 314 + t. List the prime factors of i.
2, 3, 5
Suppose 9039 = -14*q + 31425. What are the prime factors of q?
3, 13, 41
Let h = -94 - -154. Let x = -32 + h. What are the prime factors of (-1)/((x/96)/(-7))?
2, 3
Let c = 10958 + -6229. List the prime factors of c.
4729
Let s = 11 - 42. Suppose 4*k - 60 = 3*k. Let g = k + s. What are the prime factors of g?
29
Suppose -2*f + 4*y + 5 = -29, 56 = 4*f - 5*y. Let x = -25 + f. List the prime factors of x/(-8) - (-4 - 1).
7
Let c(a) = -3*a + 19 + 4 + 12 + 2*a. Let i be c(0). Let q = i + -25. List the prime factors of q.
2, 5
Let w = -25 + 30. Let b(p) = 4*p - 15. What are the prime factors of b(w)?
5
Let i = 257 - -204. What are the prime factors of i?
461
Let l = -151 - -58. Let j = l + 160. What are the prime factors of j?
67
Let a(k) be the second derivative of -k**5/20 - k**4/6 + 3*k**3/2 + 6*k**2 + 5*k. What are the prime factors of a(-5)?
2, 3, 7
Let f be 5/10 + (-23)/(-2). Suppose -q + f + 9 = 0. List the prime factors of q.
3, 7
Let x(n) = 10 - 27*n + 4 - 9 + 13. List the prime factors of x(-2).
2, 3
What are the prime factors of (805/(-28) - -3)*-12?
3, 103
Let f(w) = -w + 6. Let a be f(5). Let t be 20/25 + a/5. What are the prime factors of (t - -5)*(-27)/(-6)?
3
Let u(i) = 9*i + 76. List the prime factors of u(10).
2, 83
Let u(n) = n**3 - 8*n**2 - 11*n + 25. What are the prime factors of u(10)?
5, 23
Suppose -42*w + 17*w + 35125 = 0. What are the prime factors of w?
5, 281
Let o be ((-9)/(-3))/((-3)/(-5)). Let w(t) = -71*t - 3. Let v be w(-3). Suppose -v = -o*g - 75. What are the prime factors of g?
3
Suppose 3*d = -2*v + 8*d + 14, 2 = -v - 2*d. Let r = -64 + 65. List the prime factors of v/r*(-84)/(-8).
3, 7
Let y = 1429 - -47. List the prime factors of y.
2, 3, 41
Suppose 4*t + 28 - 4 = h, -t + 7 = 3*h. Suppose -4*d + 1170 = z + 4*z, 8 = h*z. List the prime factors of d.
2, 5, 29
Let t = 63 - 188. Let x = -72 - t. Suppose 39 = d - 5*g, -3*d - 5*g = -4*g - x. List the prime factors of d.
19
Let h be (-8)/(-2) + -32 + -2. Let r be ((-16)/(-6))/(10/h). Let a = r - -26. List the prime factors of a.
2, 3
Suppose a = -0 + 1. Suppose -q + a + 171 = 0. What are the prime factors of q?
2, 43
Let o be 2/((-4)/2)*-2. Let v(s) = 2*s**o - 10*s + 4 - 8 + 6*s. What are the prime factors of v(4)?
2, 3
Let a be (4/(-16))/((-2)/8*1). What are the prime factors of ((-124)/(-8))/a*6?
3, 31
Suppose 0*r = -r + 20. Let l be 105/r - 3/(-4). Let o = 9 + l. What are the prime factors of o?
3, 5
Let o(y) = -y**2 + 6*y - 4. Let m be o(4). Let u(l) = 17 - 2*l - m + 0*l. What are the prime factors of u(-11)?
5, 7
Let d(j) = j**3 - 6*j**2 + 14*j - 9. Let m(x) = x + 35. Let q be m(-28). What are the prime factors of d(q)?
2, 3, 23
Suppose -9*l - 144 - 144 = 0. Let b = l + 109. List the prime factors of b.
7, 11
Let b = -33 + 36. Let d be (-23 + 3 - b)*-1. Let z = d - -3. List the prime factors of z.
2, 13
Let v(p) = p - 5. Suppose -3*n + 2*r + 23 = 0, -4*r = 2*n - 3*r - 20. Let h be v(n). What are the prime factors of (-175)/(-15) - h/6?
11
Let p(c) = -2*c + 22. Let t be ((-28)/5 - -2)/((-4)/10). List the prime factors of p(t).
2
Suppose 5*z + 419 = 1659. What are the prime factors of z?
2, 31
List the prime factors of ((-11749)/62)/(14/(-12) + 1).
3, 379
Let k(x) = 2*x**2 + 14*x + 20. Let l be (-50)/15*12/5. List the prime factors of k(l).
2, 3
Let n(d) = 3*d**3 + 3*d**2 + 3*d - 7. Let o(m) = 4*m**3 + 6*m**2 + 7*m - 15. Let f(q) = 5*n(q) - 3*o(q). List the prime factors of f(5).
2, 5, 7
Let n(s) = 2*s**2 + 27*s - 6. List the prime factors of n(-24).
2, 3, 83
Let t(v) = -51*v + 63. What are the prime factors of t(-9)?
2, 3, 29
Let t(n) = 2*n + 14. Let q be (-2)/(-10) + (-6)/30. What are the prime factors of t(q)?
2, 7
Let c = 12 - 9. Suppose 0*r + 12 = -c*r. List the prime factors of (r - -56) + 0 - 2.
2, 5
Let x = -415 + 2053. What are the prime factors of x?
2, 3, 7, 13
Suppose -4*u + 1323 = 5*t, 5*t - 1317 = 5*u - 6*u. List the prime factors of t.
263
Suppose 0 = 2*s - 217 - 355. Suppose -s - 414 